 hundreds digit of 5094430?
4
What is the ten thousands digit of 7469265?
6
What is the millions digit of 5199593?
5
What is the thousands digit of 41813?
1
What is the thousands digit of 1406880?
6
What is the hundreds digit of 7417581?
5
What is the thousands digit of 1775431?
5
What is the hundreds digit of 183804?
8
What is the hundreds digit of 1916750?
7
What is the thousands digit of 627291?
7
What is the hundreds digit of 1142884?
8
What is the hundreds digit of 1103932?
9
What is the units digit of 25091688?
8
What is the hundreds digit of 31718922?
9
What is the hundreds digit of 2734154?
1
What is the units digit of 150629?
9
What is the tens digit of 446197?
9
What is the thousands digit of 2733221?
3
What is the hundred thousands digit of 2139505?
1
What is the hundred thousands digit of 237096?
2
What is the units digit of 1894378?
8
What is the millions digit of 2447671?
2
What is the thousands digit of 993307?
3
What is the tens digit of 3600492?
9
What is the tens digit of 1174389?
8
What is the tens digit of 110176?
7
What is the ten thousands digit of 413256?
1
What is the thousands digit of 601711?
1
What is the tens digit of 237098?
9
What is the thousands digit of 364332?
4
What is the tens digit of 11326220?
2
What is the tens digit of 8931710?
1
What is the thousands digit of 10559560?
9
What is the hundreds digit of 88845?
8
What is the hundreds digit of 90533?
5
What is the thousands digit of 112422?
2
What is the units digit of 120326?
6
What is the hundreds digit of 993587?
5
What is the ten thousands digit of 3701352?
0
What is the thousands digit of 1075583?
5
What is the hundreds digit of 1369353?
3
What is the millions digit of 8112388?
8
What is the units digit of 140763?
3
What is the hundred thousands digit of 107545?
1
What is the tens digit of 1173358?
5
What is the units digit of 3003828?
8
What is the hundred thousands digit of 239084?
2
What is the hundreds digit of 157865?
8
What is the ten thousands digit of 14216781?
1
What is the hundreds digit of 210386?
3
What is the tens digit of 29522511?
1
What is the thousands digit of 2734533?
4
What is the hundreds digit of 2859312?
3
What is the thousands digit of 312640?
2
What is the hundreds digit of 102658?
6
What is the ten thousands digit of 11234364?
3
What is the thousands digit of 30576188?
6
What is the tens digit of 8560011?
1
What is the millions digit of 1609309?
1
What is the units digit of 327061?
1
What is the hundred thousands digit of 6363444?
3
What is the units digit of 1328894?
4
What is the hundreds digit of 2921065?
0
What is the units digit of 118957?
7
What is the hundreds digit of 593760?
7
What is the thousands digit of 131969?
1
What is the hundreds digit of 228708?
7
What is the hundred thousands digit of 9503084?
5
What is the units digit of 420208?
8
What is the hundred thousands digit of 228316?
2
What is the thousands digit of 783128?
3
What is the ten thousands digit of 273250?
7
What is the thousands digit of 1828597?
8
What is the hundred thousands digit of 10585786?
5
What is the thousands digit of 13781?
3
What is the units digit of 655480?
0
What is the thousands digit of 13690585?
0
What is the ten thousands digit of 3013273?
1
What is the ten thousands digit of 2797672?
9
What is the tens digit of 185659?
5
What is the units digit of 1583142?
2
What is the units digit of 932088?
8
What is the thousands digit of 441986?
1
What is the tens digit of 399563?
6
What is the hundred thousands digit of 5644342?
6
What is the ten thousands digit of 112673?
1
What is the ten thousands digit of 324011?
2
What is the millions digit of 9665904?
9
What is the hundred thousands digit of 403450?
4
What is the millions digit of 1777928?
1
What is the hundreds digit of 2093?
0
What is the thousands digit of 1053866?
3
What is the millions digit of 7378152?
7
What is the hundreds digit of 590647?
6
What is the ten thousands digit of 938882?
3
What is the ten thousands digit of 16070098?
7
What is the units digit of 36266849?
9
What is the millions digit of 1672641?
1
What is the millions digit of 1939888?
1
What is the units digit of 9997843?
3
What is the hundreds digit of 3864812?
8
What is the units digit of 6296278?
8
What is the ten millions digit of 10882821?
1
What is the ten thousands digit of 3365303?
6
What is the thousands digit of 320968?
0
What is the hundreds digit of 87716?
7
What is the tens digit of 1143003?
0
What is the hundred thousands digit of 514899?
5
What is the hundreds digit of 5614218?
2
What is the thousands digit of 13130208?
0
What is the thousands digit of 6691435?
1
What is the thousands digit of 231503?
1
What is the hundreds digit of 8873754?
7
What is the hundreds digit of 1007894?
8
What is the units digit of 1853787?
7
What is the millions digit of 5886275?
5
What is the hundred thousands digit of 5298809?
2
What is the thousands digit of 1181560?
1
What is the hundred thousands digit of 217064?
2
What is the hundreds digit of 3799128?
1
What is the ten thousands digit of 440945?
4
What is the thousands digit of 13537108?
7
What is the units digit of 18251244?
4
What is the ten thousands digit of 7640337?
4
What is the tens digit of 96339?
3
What is the hundreds digit of 89256?
2
What is the tens digit of 100061?
6
What is the tens digit of 2070328?
2
What is the hundred thousands digit of 34739060?
7
What is the hundreds digit of 6968888?
8
What is the hundred thousands digit of 738485?
7
What is the thousands digit of 341646?
1
What is the units digit of 566921?
1
What is the units digit of 331450?
0
What is the tens digit of 14479002?
0
What is the hundred thousands digit of 2031067?
0
What is the units digit of 2241281?
1
What is the hundreds digit of 683677?
6
What is the hundreds digit of 57339?
3
What is the ten thousands digit of 1939723?
3
What is the millions digit of 11055455?
1
What is the ten thousands digit of 6741571?
4
What is the ten thousands digit of 224617?
2
What is the hundred thousands digit of 159072?
1
What is the units digit of 30905?
5
What is the millions digit of 1519694?
1
What is the ten thousands digit of 382829?
8
What is the units digit of 5948244?
4
What is the units digit of 14694712?
2
What is the hundred thousands digit of 1321523?
3
What is the millions digit of 3706940?
3
What is the units digit of 968473?
3
What is the ten thousands digit of 1589872?
8
What is the tens digit of 287814?
1
What is the millions digit of 12981226?
2
What is the units digit of 335567?
7
What is the thousands digit of 459593?
9
What is the hundred thousands digit of 2861472?
8
What is the hundreds digit of 93323?
3
What is the millions digit of 1247077?
1
What is the ten thousands digit of 1436770?
3
What is the units digit of 246542?
2
What is the hundreds digit of 272195?
1
What is the hundred thousands digit of 4367704?
3
What is the hundred thousands digit of 2964577?
9
What is the hundred thousands digit of 601973?
6
What is the ten thousands digit of 803196?
0
What is the thousands digit of 394388?
4
What is the hundreds digit of 490251?
2
What is the units digit of 2573676?
6
What is the units digit of 9358529?
9
What is the thousands digit of 84705?
4
What is the tens digit of 350698?
9
What is the thousands digit of 2015010?
5
What is the units digit of 1012322?
2
What is the tens digit of 2307033?
3
What is the thousands digit of 2149451?
9
What is the units digit of 15130799?
9
What is the units digit of 56743?
3
What is the millions digit of 1608836?
1
What is the thousands digit of 7733134?
3
What is the thousands digit of 1065000?
5
What is the ten thousands digit of 24050204?
5
What is the millions digit of 1100202?
1
What is the ten thousands digit of 117833?
1
What is the hundreds digit of 1135551?
5
What is the hundred thousands digit of 1235495?
2
What is the hundred thousands digit of 3927518?
9
What is the tens digit of 13409?
0
What is the thousands digit of 2058080?
8
What is the hundreds digit of 427139?
1
What is the tens digit of 18721151?
5
What is the millions digit of 4610577?
4
What is the ten thousands digit of 354060?
5
What is the ten thousands digit of 410166?
1
What is the tens digit of 3572060?
6
What is the hundred thousands digit of 768269